{"id":2092,"date":"2025-11-08T21:14:41","date_gmt":"2025-11-08T19:14:41","guid":{"rendered":"https:\/\/www.kgv-johannestal.de\/?post_type=tribe_events&#038;p=2092"},"modified":"2025-11-08T21:14:41","modified_gmt":"2025-11-08T19:14:41","slug":"einladung-zum-gemuetlichen-adventsabend","status":"publish","type":"tribe_events","link":"https:\/\/www.kgv-johannestal.de\/?tribe_events=einladung-zum-gemuetlichen-adventsabend","title":{"rendered":"Einladung zum gem\u00fctlichen Adventsabend"},"content":{"rendered":"<p>Wir laden alle Vereinsmitglieder und Freunde herzlich zu unserem traditionellen Adventsabend auf der Gro\u00dfen Wiese ein!<\/p>\n<p><b>Datum:<\/b> Samstag, den 6. Dezember 2025.<\/p>\n<p><b>Uhrzeit:<\/b> 16:00 bis 22:00 Uhr.<\/p>\n<p><b>Ort:<\/b> Die Gro\u00dfe Wiese.<\/p>\n<p>F\u00fcr klein und gro\u00df ist bestens gesorgt. Freut Euch auf Stockbrot, Grillwurst, Kinderpunsch und Gl\u00fchwein.<\/p>\n<p>Wir freuen uns darauf, Euch zu begr\u00fc\u00dfen.<\/p>\n<p><b>Wichtig:<\/b> Bitte meldet Euch bis zum <b>1. Dezember 2025<\/b> beim Vorstand an, damit wir besser planen k\u00f6nnen.<\/p>\n","protected":false},"excerpt":{"rendered":"<p>Wir laden alle Vereinsmitglieder und Freunde herzlich zu unserem traditionellen Adventsabend auf der Gro\u00dfen Wiese ein! Datum: Samstag, den 6. Dezember 2025. Uhrzeit: 16:00 bis 22:00 Uhr. Ort: Die Gro\u00dfe Wiese. F\u00fcr klein und gro\u00df ist bestens gesorgt. Freut Euch&hellip; <\/p>\n","protected":false},"author":1,"featured_media":0,"template":"","meta":{"_tribe_events_status":"","_tribe_events_status_reason":"","footnotes":""},"tags":[38],"tribe_events_cat":[66],"class_list":["post-2092","tribe_events","type-tribe_events","status-publish","hentry","tag-adventsfeier","tribe_events_cat-feste","cat_feste"],"_links":{"self":[{"href":"https:\/\/www.kgv-johannestal.de\/index.php?rest_route=\/wp\/v2\/tribe_events\/2092","targetHints":{"allow":["GET"]}}],"collection":[{"href":"https:\/\/www.kgv-johannestal.de\/index.php?rest_route=\/wp\/v2\/tribe_events"}],"about":[{"href":"https:\/\/www.kgv-johannestal.de\/index.php?rest_route=\/wp\/v2\/types\/tribe_events"}],"author":[{"embeddable":true,"href":"https:\/\/www.kgv-johannestal.de\/index.php?rest_route=\/wp\/v2\/users\/1"}],"version-history":[{"count":1,"href":"https:\/\/www.kgv-johannestal.de\/index.php?rest_route=\/wp\/v2\/tribe_events\/2092\/revisions"}],"predecessor-version":[{"id":2093,"href":"https:\/\/www.kgv-johannestal.de\/index.php?rest_route=\/wp\/v2\/tribe_events\/2092\/revisions\/2093"}],"wp:attachment":[{"href":"https:\/\/www.kgv-johannestal.de\/index.php?rest_route=%2Fwp%2Fv2%2Fmedia&parent=2092"}],"wp:term":[{"taxonomy":"post_tag","embeddable":true,"href":"https:\/\/www.kgv-johannestal.de\/index.php?rest_route=%2Fwp%2Fv2%2Ftags&post=2092"},{"taxonomy":"tribe_events_cat","embeddable":true,"href":"https:\/\/www.kgv-johannestal.de\/index.php?rest_route=%2Fwp%2Fv2%2Ftribe_events_cat&post=2092"}],"curies":[{"name":"wp","href":"https:\/\/api.w.org\/{rel}","templated":true}]}}

Einladung zum gemütlichen Adventsabend

<p>Wir laden alle Vereinsmitglieder und Freunde herzlich zu unserem traditionellen Adventsabend auf der Großen Wiese ein!</p>
<p><b>Datum:</b> Samstag, den 6. Dezember 2025.</p>
<p><b>Uhrzeit:</b> 16:00 bis 22:00 Uhr.</p>
<p><b>Ort:</b> Die Große Wiese.</p>
<p>Für klein und groß ist bestens gesorgt. Freut Euch auf Stockbrot, Grillwurst, Kinderpunsch und Glühwein.</p>
<p>Wir freuen uns darauf, Euch zu begrüßen.</p>
<p><b>Wichtig:</b> Bitte meldet Euch bis zum <b>1. Dezember 2025</b> beim Vorstand an, damit wir besser planen können.</p>

<p>Wir laden alle Vereinsmitglieder und Freunde herzlich zu unserem traditionellen Adventsabend auf der Großen Wiese ein! Datum: Samstag, den 6. Dezember 2025. Uhrzeit: 16:00 bis 22:00 Uhr. Ort: Die Große Wiese. Für klein und groß ist bestens gesorgt. Freut Euch&hellip; </p>
