{"id":2012,"date":"2022-08-24T15:29:37","date_gmt":"2022-08-24T13:29:37","guid":{"rendered":"https:\/\/www.kgv-johannestal.de\/?post_type=tribe_events&#038;p=2012"},"modified":"2022-08-24T15:29:37","modified_gmt":"2022-08-24T13:29:37","slug":"schnitt-von-beerenstraeuchern","status":"publish","type":"tribe_events","link":"https:\/\/www.kgv-johannestal.de\/?tribe_events=schnitt-von-beerenstraeuchern","title":{"rendered":"Schnitt von Beerenstr\u00e4uchern"},"content":{"rendered":"<p>Liebe Gartenfreundinnen und Gartenfreunde,<\/p>\n<p>zu unserer ersten Fachberatung in diesem Jahr m\u00f6chten wir Euch recht herzlich einladen.<br \/>\nWir treffen uns am 3. September um 9 Uhr am Vereinsheim der Kleing\u00e4rtneranlage Nappenfeld.<br \/>\nThema ist der Schnitt von Beerenstr\u00e4uchern.<\/p>\n<p>Auf rege Beteiligung freuen wir uns und verbleiben mit freundlichen Gr\u00fc\u00dfen,<br \/>\nKarin Draga<br \/>\nFachberatung im<br \/>\nBezirksverband der Kleing\u00e4rtner<\/p>\n","protected":false},"excerpt":{"rendered":"<p>Liebe Gartenfreundinnen und Gartenfreunde, zu unserer ersten Fachberatung in diesem Jahr m\u00f6chten wir Euch recht herzlich einladen. Wir treffen uns am 3. September um 9 Uhr am Vereinsheim der Kleing\u00e4rtneranlage Nappenfeld. Thema ist der Schnitt von Beerenstr\u00e4uchern. Auf rege Beteiligung&hellip; <\/p>\n","protected":false},"author":1,"featured_media":0,"template":"","meta":{"_tribe_events_status":"","_tribe_events_status_reason":"","footnotes":""},"tags":[],"tribe_events_cat":[],"class_list":["post-2012","tribe_events","type-tribe_events","status-publish","hentry"],"_links":{"self":[{"href":"https:\/\/www.kgv-johannestal.de\/index.php?rest_route=\/wp\/v2\/tribe_events\/2012","targetHints":{"allow":["GET"]}}],"collection":[{"href":"https:\/\/www.kgv-johannestal.de\/index.php?rest_route=\/wp\/v2\/tribe_events"}],"about":[{"href":"https:\/\/www.kgv-johannestal.de\/index.php?rest_route=\/wp\/v2\/types\/tribe_events"}],"author":[{"embeddable":true,"href":"https:\/\/www.kgv-johannestal.de\/index.php?rest_route=\/wp\/v2\/users\/1"}],"version-history":[{"count":1,"href":"https:\/\/www.kgv-johannestal.de\/index.php?rest_route=\/wp\/v2\/tribe_events\/2012\/revisions"}],"predecessor-version":[{"id":2013,"href":"https:\/\/www.kgv-johannestal.de\/index.php?rest_route=\/wp\/v2\/tribe_events\/2012\/revisions\/2013"}],"wp:attachment":[{"href":"https:\/\/www.kgv-johannestal.de\/index.php?rest_route=%2Fwp%2Fv2%2Fmedia&parent=2012"}],"wp:term":[{"taxonomy":"post_tag","embeddable":true,"href":"https:\/\/www.kgv-johannestal.de\/index.php?rest_route=%2Fwp%2Fv2%2Ftags&post=2012"},{"taxonomy":"tribe_events_cat","embeddable":true,"href":"https:\/\/www.kgv-johannestal.de\/index.php?rest_route=%2Fwp%2Fv2%2Ftribe_events_cat&post=2012"}],"curies":[{"name":"wp","href":"https:\/\/api.w.org\/{rel}","templated":true}]}}

Schnitt von Beerensträuchern

<p>Liebe Gartenfreundinnen und Gartenfreunde,</p>
<p>zu unserer ersten Fachberatung in diesem Jahr möchten wir Euch recht herzlich einladen.<br />
Wir treffen uns am 3. September um 9 Uhr am Vereinsheim der Kleingärtneranlage Nappenfeld.<br />
Thema ist der Schnitt von Beerensträuchern.</p>
<p>Auf rege Beteiligung freuen wir uns und verbleiben mit freundlichen Grüßen,<br />
Karin Draga<br />
Fachberatung im<br />
Bezirksverband der Kleingärtner</p>

<p>Liebe Gartenfreundinnen und Gartenfreunde, zu unserer ersten Fachberatung in diesem Jahr möchten wir Euch recht herzlich einladen. Wir treffen uns am 3. September um 9 Uhr am Vereinsheim der Kleingärtneranlage Nappenfeld. Thema ist der Schnitt von Beerensträuchern. Auf rege Beteiligung&hellip; </p>
