{"id":912,"date":"2016-01-18T14:24:55","date_gmt":"2016-01-18T12:24:55","guid":{"rendered":"https:\/\/www.kgv-johannestal.de\/?page_id=912"},"modified":"2017-02-28T15:48:28","modified_gmt":"2017-02-28T13:48:28","slug":"unsere-imker","status":"publish","type":"page","link":"https:\/\/www.kgv-johannestal.de\/?page_id=912","title":{"rendered":"Unsere Imker"},"content":{"rendered":"<p><img loading=\"lazy\" decoding=\"async\" src=\"https:\/\/www.kgv-johannestal.de\/wp-content\/uploads\/2016\/01\/imkern_top-1024x336.jpg\" alt=\"imkern_top\" width=\"700\" height=\"230\" class=\"aligncenter size-large wp-image-918\" srcset=\"https:\/\/www.kgv-johannestal.de\/wp-content\/uploads\/2016\/01\/imkern_top-1024x336.jpg 1024w, https:\/\/www.kgv-johannestal.de\/wp-content\/uploads\/2016\/01\/imkern_top-300x98.jpg 300w, https:\/\/www.kgv-johannestal.de\/wp-content\/uploads\/2016\/01\/imkern_top-768x252.jpg 768w, https:\/\/www.kgv-johannestal.de\/wp-content\/uploads\/2016\/01\/imkern_top.jpg 1280w\" sizes=\"auto, (max-width: 700px) 100vw, 700px\" \/><\/p>\n<p>Unsere zwei ausgebildeten Jungimker k\u00fcmmern sich in allen Belangen um die in unserer Anlage beheimateten Honigbienen. Durch unsere V\u00f6lker wird die Best\u00e4ubungsleistung in der Anlage merklich erh\u00f6ht. Dar\u00fcber hinaus sind beide Imker ausgebildete Berater zur fachgerechten Umsiedlung bei Problemen mit Hornissen- und anderen Wespenv\u00f6lkern. <\/p>\n<table style=\"background-color:#ffffff; border-color:#ffffff\" border=\"0\" cellpadding=\"0\" cellspacing=\"0\">\n<tr>\n<td style=\"background-color:#ffffff; border-color:#ffffff\"><figure id=\"attachment_992\" aria-describedby=\"caption-attachment-992\" style=\"width: 200px\" class=\"wp-caption alignleft\"><img loading=\"lazy\" decoding=\"async\" src=\"https:\/\/www.kgv-johannestal.de\/wp-content\/uploads\/2016\/01\/imker_tk.jpg\" alt=\"Tim Kaprol\" width=\"200\" height=\"212\" class=\"size-full wp-image-992\" \/><figcaption id=\"caption-attachment-992\" class=\"wp-caption-text\"><\/p>\n<h5> Tim Kaprol<\/h5>\n<p><\/figcaption><\/figure><\/td>\n<td style=\"background-color:#ffffff; border-color:#ffffff\"><figure id=\"attachment_993\" aria-describedby=\"caption-attachment-993\" style=\"width: 200px\" class=\"wp-caption alignleft\"><img loading=\"lazy\" decoding=\"async\" src=\"https:\/\/www.kgv-johannestal.de\/wp-content\/uploads\/2016\/01\/imker_mr.jpg\" alt=\"Mike Reimann\" width=\"200\" height=\"212\" class=\"size-full wp-image-993\" \/><figcaption id=\"caption-attachment-993\" class=\"wp-caption-text\"><\/p>\n<h5> Maik Reimann<\/h5>\n<p><\/figcaption><\/figure><\/td>\n<\/tr>\n<\/table>\n","protected":false},"excerpt":{"rendered":"<p>Unsere zwei ausgebildeten Jungimker k\u00fcmmern sich in allen Belangen um die in unserer Anlage beheimateten Honigbienen. Durch unsere V\u00f6lker wird die Best\u00e4ubungsleistung in der Anlage merklich erh\u00f6ht. Dar\u00fcber hinaus sind beide Imker ausgebildete Berater zur fachgerechten Umsiedlung bei Problemen mit&hellip; <\/p>\n","protected":false},"author":1,"featured_media":0,"parent":0,"menu_order":0,"comment_status":"closed","ping_status":"closed","template":"","meta":{"footnotes":""},"class_list":["post-912","page","type-page","status-publish","hentry"],"_links":{"self":[{"href":"https:\/\/www.kgv-johannestal.de\/index.php?rest_route=\/wp\/v2\/pages\/912","targetHints":{"allow":["GET"]}}],"collection":[{"href":"https:\/\/www.kgv-johannestal.de\/index.php?rest_route=\/wp\/v2\/pages"}],"about":[{"href":"https:\/\/www.kgv-johannestal.de\/index.php?rest_route=\/wp\/v2\/types\/page"}],"author":[{"embeddable":true,"href":"https:\/\/www.kgv-johannestal.de\/index.php?rest_route=\/wp\/v2\/users\/1"}],"replies":[{"embeddable":true,"href":"https:\/\/www.kgv-johannestal.de\/index.php?rest_route=%2Fwp%2Fv2%2Fcomments&post=912"}],"version-history":[{"count":7,"href":"https:\/\/www.kgv-johannestal.de\/index.php?rest_route=\/wp\/v2\/pages\/912\/revisions"}],"predecessor-version":[{"id":1366,"href":"https:\/\/www.kgv-johannestal.de\/index.php?rest_route=\/wp\/v2\/pages\/912\/revisions\/1366"}],"wp:attachment":[{"href":"https:\/\/www.kgv-johannestal.de\/index.php?rest_route=%2Fwp%2Fv2%2Fmedia&parent=912"}],"curies":[{"name":"wp","href":"https:\/\/api.w.org\/{rel}","templated":true}]}}

<p><img loading="lazy" decoding="async" src="https://www.kgv-johannestal.de/wp-content/uploads/2016/01/imkern_top-1024x336.jpg" alt="imkern_top" width="700" height="230" class="aligncenter size-large wp-image-918" srcset="https://www.kgv-johannestal.de/wp-content/uploads/2016/01/imkern_top-1024x336.jpg 1024w, https://www.kgv-johannestal.de/wp-content/uploads/2016/01/imkern_top-300x98.jpg 300w, https://www.kgv-johannestal.de/wp-content/uploads/2016/01/imkern_top-768x252.jpg 768w, https://www.kgv-johannestal.de/wp-content/uploads/2016/01/imkern_top.jpg 1280w" sizes="auto, (max-width: 700px) 100vw, 700px" /></p>
<p>Unsere zwei ausgebildeten Jungimker kümmern sich in allen Belangen um die in unserer Anlage beheimateten Honigbienen. Durch unsere Völker wird die Bestäubungsleistung in der Anlage merklich erhöht. Darüber hinaus sind beide Imker ausgebildete Berater zur fachgerechten Umsiedlung bei Problemen mit Hornissen- und anderen Wespenvölkern. </p>
<table style="background-color:#ffffff; border-color:#ffffff" border="0" cellpadding="0" cellspacing="0">
<tr>
<td style="background-color:#ffffff; border-color:#ffffff"><figure id="attachment_992" aria-describedby="caption-attachment-992" style="width: 200px" class="wp-caption alignleft"><img loading="lazy" decoding="async" src="https://www.kgv-johannestal.de/wp-content/uploads/2016/01/imker_tk.jpg" alt="Tim Kaprol" width="200" height="212" class="size-full wp-image-992" /><figcaption id="caption-attachment-992" class="wp-caption-text"></p>
<h5> Tim Kaprol</h5>
<p></figcaption></figure></td>
<td style="background-color:#ffffff; border-color:#ffffff"><figure id="attachment_993" aria-describedby="caption-attachment-993" style="width: 200px" class="wp-caption alignleft"><img loading="lazy" decoding="async" src="https://www.kgv-johannestal.de/wp-content/uploads/2016/01/imker_mr.jpg" alt="Mike Reimann" width="200" height="212" class="size-full wp-image-993" /><figcaption id="caption-attachment-993" class="wp-caption-text"></p>
<h5> Maik Reimann</h5>
<p></figcaption></figure></td>
</tr>
</table>

<p>Unsere zwei ausgebildeten Jungimker kümmern sich in allen Belangen um die in unserer Anlage beheimateten Honigbienen. Durch unsere Völker wird die Bestäubungsleistung in der Anlage merklich erhöht. Darüber hinaus sind beide Imker ausgebildete Berater zur fachgerechten Umsiedlung bei Problemen mit&hellip; </p>
